tiple of 29?
True
Is 2529 a multiple of 9?
True
Is 35110 a multiple of 17?
False
Does 15 divide 3050?
False
Is 324 a multiple of 12?
True
Is 43 a factor of 1953?
False
Does 97 divide 3492?
True
Does 5 divide 4237?
False
Does 6 divide 338?
False
Is 52 a factor of 67?
False
Does 23 divide 13156?
True
Is 1333 a multiple of 79?
False
Does 13 divide 3383?
False
Is 16068 a multiple of 23?
False
Is 1020 a multiple of 17?
True
Is 2 a factor of 5506?
True
Is 3760 a multiple of 3?
False
Does 48 divide 267?
False
Does 11 divide 342?
False
Is 21315 a multiple of 87?
True
Is 50 a factor of 5915?
False
Is 406 a multiple of 29?
True
Is 15 a factor of 3135?
True
Is 7910 a multiple of 113?
True
Is 65523 a multiple of 433?
False
Is 5924 a multiple of 9?
False
Is 7 a factor of 184?
False
Is 71 a factor of 1435?
False
Is 26 a factor of 12948?
True
Is 1259 a multiple of 48?
False
Is 95 a multiple of 19?
True
Does 25 divide 6250?
True
Is 33 a factor of 357?
False
Is 1350 a multiple of 25?
True
Is 3421 a multiple of 17?
False
Does 90 divide 14304?
False
Does 9 divide 2611?
False
Does 64 divide 3072?
True
Is 10 a factor of 1340?
True
Is 352 a multiple of 2?
True
Is 2 a factor of 352?
True
Is 33 a factor of 33?
True
Does 45 divide 4855?
False
Is 34 a factor of 2443?
False
Is 159 a multiple of 53?
True
Is 46 a factor of 497?
False
Does 40 divide 1674?
False
Is 1799 a multiple of 21?
False
Is 1375 a multiple of 125?
True
Is 2099 a multiple of 2?
False
Is 3014 a multiple of 14?
False
Is 582 a factor of 25192?
False
Is 3698 a multiple of 86?
True
Is 19 a factor of 2052?
True
Is 12 a factor of 312?
True
Does 7 divide 3262?
True
Is 10 a factor of 74?
False
Does 116 divide 16856?
False
Does 38 divide 2432?
True
Is 22 a factor of 4818?
True
Does 56 divide 9446?
False
Is 707 a multiple of 101?
True
Does 9 divide 90?
True
Is 1012 a multiple of 44?
True
Does 51 divide 424?
False
Does 43 divide 1360?
False
Does 28 divide 46088?
True
Is 21 a factor of 118986?
True
Does 40 divide 4880?
True
Is 330 a multiple of 66?
True
Is 2270 a multiple of 4?
False
Is 164 a factor of 15852?
False
Does 38 divide 71934?
True
Is 835 a multiple of 13?
False
Is 34 a factor of 337?
False
Is 62 a factor of 1798?
True
Does 237 divide 71038?
False
Does 56 divide 1512?
True
Is 3320 a multiple of 83?
True
Does 7 divide 636?
False
Is 2620 a multiple of 60?
False
Is 50 a factor of 4007?
False
Is 10765 a multiple of 18?
False
Is 78130 a multiple of 59?
False
Does 208 divide 7267?
False
Is 214 a factor of 5778?
True
Is 32 a factor of 440?
False
Is 61300 a multiple of 100?
True
Is 49236 a multiple of 164?
False
Does 16 divide 832?
True
Is 10319 a multiple of 17?
True
Is 16125 a multiple of 71?
False
Is 4 a factor of 700?
True
Is 157 a factor of 3140?
True
Does 18 divide 1810?
False
Is 3672 a multiple of 12?
True
Is 65286 a multiple of 18?
True
Is 3401 a multiple of 179?
True
Is 14 a factor of 30058?
True
Is 35 a multiple of 13?
False
Is 862 a multiple of 10?
False
Does 32 divide 2528?
True
Is 13 a factor of 2450?
False
Is 9 a factor of 3468?
False
Is 960 a multiple of 4?
True
Is 17138 a multiple of 11?
True
Does 129 divide 67178?
False
Is 18327 a multiple of 149?
True
Does 151 divide 20456?
False
Does 8 divide 3760?
True
Is 121 a factor of 5006?
False
Is 6362 a multiple of 9?
False
Is 930 a multiple of 31?
True
Does 14 divide 2839?
False
Is 3066 a multiple of 6?
True
Is 4373 a multiple of 192?
False
Does 47 divide 348?
False
Is 150 a factor of 3750?
True
Is 5 a factor of 50060?
True
Is 30 a factor of 17714?
False
Is 1457 a multiple of 31?
True
Does 74 divide 23014?
True
Does 92 divide 9139?
False
Is 48 a factor of 6336?
True
Is 45790 a multiple of 51?
False
Is 178 a factor of 57494?
True
Is 29 a factor of 7007?
False
Is 4 a factor of 6908?
True
Is 81 a factor of 10692?
True
Is 307 a multiple of 13?
False
Does 62 divide 3782?
True
Is 1232 a multiple of 16?
True
Does 93 divide 13485?
True
Is 20 a factor of 9600?
True
Is 1596 a multiple of 4?
True
Is 58 a factor of 116?
True
Is 4 a factor of 1972?
True
Is 1382 a multiple of 8?
False
Is 27 a multiple of 8?
False
Is 32556 a multiple of 95?
False
Is 53 a factor of 1477?
False
Is 17148 a multiple of 95?
False
Does 14 divide 3277?
False
Is 34 a factor of 776?
False
Does 4 divide 1967?
False
Is 1283 even?
False
Is 3267 a multiple of 16?
False
Is 43 a factor of 8600?
True
Does 19 divide 361?
True
Is 9 a factor of 172?
False
Does 102 divide 4872?
False
Is 15 a factor of 1470?
True
Is 5168 a multiple of 68?
True
Is 130 a factor of 12657?
False
Does 32 divide 320?
True
Does 47 divide 137376?
False
Is 5291 a multiple of 13?
True
Is 5002 a multiple of 122?
True
Does 26 divide 9178?
True
Is 38 a factor of 1765?
False
Does 12 divide 51876?
True
Is 49104 a multiple of 66?
True
Does 19 divide 5434?
True
Is 53 a factor of 2651?
False
Is 127 a factor of 12954?
True
Is 150 a multiple of 6?
True
Is 132 a multiple of 44?
True
Is 1339 a multiple of 13?
True
Is 627 a multiple of 33?
True
Does 34 divide 3944?
True
Is 2 a factor of 452?
True
Does 171 divide 42921?
True
Is 11 a factor of 26895?
True
Does 14 divide 71?
False
Is 1575 a multiple of 63?
True
Is 7462 a multiple of 39?
False
Is 27 a factor of 2543?
False
Is 2 a factor of 132?
True
Does 6 divide 245?
False
Is 139 a factor of 1698?
False
Is 11 a factor of 7665?
False
Is 3 a factor of 24?
True
Is 46 a factor of 21569?
False
Is 80 a factor of 909?
False
Is 5724 a multiple of 12?
True
Is 5 a factor of 6457?
False
Does 3 divide 186?
True
Does 72 divide 2304?
True
Does 14 divide 3136?
True
Is 48 a multiple of 26?
False
Is 29 a factor of 232?
True
Is 37121 a multiple of 154?
False
Is 27 a factor of 2752?
False
Is 9270 a multiple of 24?
False
Is 19 a factor of 8389?
False
Is 8 a factor of 8064?
True
Is 7956 a multiple of 18?
True
Is 6 a factor of 1464?
True
Is 22 a factor of 2383?
False
Is 10 a factor of 5167?
False
Is 4838 a multiple of 36?
False
Is 201 a factor of 13467?
True
Does 4 divide 589?
False
Is 14 a factor of 121?
False
Is 5698 a multiple of 7?
True
Does 48 divide 30912?
True
Does 6 divide 9459?
False
Does 7 divide 1187?
False
Is 2239 a multiple of 5?
False
Is 122 a factor of 110691?
False
Does 3 divide 1869?
True
Is 20 a factor of 2940?
True
Is 18 a factor of 3744?
True
Does 217 divide 23002?
True
Does 4 divide 7097?
False
Is 67830 a multiple of 114?
True
Does 92 divide 4005?
False
Is 7392 a multiple of 8?
True
Is 33 a factor of 9570?
True
Is 309 a multiple of 38?
False
Is 668 a multiple of 22?
False
Is 20 a factor of 17300?
True
Is 3528 a multiple of 75?
False
Is 87 a multiple of 9?
False
Is 14 a factor of 591?
False
Does 19 divide 25352?
False
Does 79 divide 1955?
False
Does 117 divide 35802?
True
Is 774 a multiple of 9?
True
Is 511 a multiple of 22?
False
Does 13 divide 15028?
True
Does 43 divide 602?
True
Is 73760 a multiple of 10?
True
Is 28 a multiple of 14?
True
Is 13 a factor of 17892?
False
Is 17113 a multiple of 74?
False
Is 27 a factor of 648?
True
Is 4 a factor of 52?
True
Does 31 divide 50601?
False
Is 1150 a multiple of 115?
True
Does 125 divide 4980?
False
Does 31 divide 7662?
False
Is 15 a factor of 1080?
True
Does 23 divide 2381?
False
Is 17 a factor of 2980?
False
Is 4424 a multiple of 56?
True
Does 42 divide 16590?
True
Does 17 divide 4658?
True
Does 41 divide 33766?
False
Is 2288 a multiple of 5?
False
Does 7 divide 5964?
True
Does 166 divide 57934?
True
Is 6 a factor of 122?
False
Is 85 a factor of 65365?
True
Is 715 a multiple of 73?
False
Is 8682 a multiple of 3?
True
Is 12 a factor of 90276?
True
Does 81 divide 729?
True
Does 37 divide 8976?
False
Is 14 a factor of 38234?
True
Is 124 a multiple of 4?
True
Is 1085 a multiple of 35?
True
Is 459 a multiple of 13?
False
Does 95 divide 435?
False
Does 21 divide 1113?
True
Does 244 divide 109556?
True
Is 45 a factor of 12465?
True
Is 101 a factor of 5429?
False
Is 3 a factor of 4026?
True
Is 19 a factor of 60610?
True
Is 44 a factor of 88?
True
Is 3045 a multiple of 35?
True
Does 41 divide 246?
True
Does 8 divide 752?
True
Is 2228 a multiple of 44?
False
Is 108 a factor of 17172?
True
Is 171 a factor of 3591?
True
Is 6 a factor of 219?
False
Is 4 a factor of 1938?
False
Is 1780 a multiple of 89?
True
Does 231 divide 6011?
False
Is 28 a factor of 425?
Fal